{"id":966,"date":"2024-06-01T12:59:07","date_gmt":"2024-06-01T12:59:07","guid":{"rendered":"https:\/\/nikomand.com\/?post_type=product&#038;p=966"},"modified":"2026-01-03T16:48:12","modified_gmt":"2026-01-03T16:48:12","slug":"500-gramos-de-te-negro-de-ceilan-suelto-ceylon-tea","status":"publish","type":"product","link":"https:\/\/nikomand.com\/?product=500-gramos-de-te-negro-de-ceilan-suelto-ceylon-tea","title":{"rendered":"Ahmad Ceylon black tea clasic original 500 gramos de t\u00e9 negro de Ceil\u00e1n suelto"},"content":{"rendered":"","protected":false},"excerpt":{"rendered":"","protected":false},"featured_media":1858,"template":"","meta":[],"product_brand":[],"product_cat":[20],"product_tag":[],"class_list":{"0":"post-966","1":"product","2":"type-product","3":"status-publish","4":"has-post-thumbnail","6":"product_cat-tee-tea--","8":"entry","9":"has-media","11":"first","12":"instock","13":"shipping-taxable","14":"purchasable","15":"product-type-simple","16":"has-product-nav","17":"col","18":"span_1_of_3","19":"owp-content-center","20":"owp-thumbs-layout-horizontal","21":"owp-btn-normal","22":"owp-tabs-layout-horizontal","23":"has-no-thumbnails"},"yoast_head":"<!-- This site is optimized with the Yoast SEO plugin v27.3 - https:\/\/yoast.com\/product\/yoast-seo-wordpress\/ -->\n<title>Ahmad Ceylon black tea clasic original 500 gramos de t\u00e9 negro de Ceil\u00e1n suelto - Nikomand Iranian Shop, tienda iran\u00ed, supermercado y alimentos persa en Barcelona<\/title>\n<meta name=\"description\" content=\"tea-tee-iranian-te-shop-persa-barcelona ahmad-te 500 gramos de t\u00e9 negro de Ceil\u00e1n suelto ceylon tea\" \/>\n<meta name=\"robots\" content=\"index, follow, max-snippet:-1, max-image-preview:large, max-video-preview:-1\" \/>\n<link rel=\"canonical\" href=\"https:\/\/nikomand.com\/?product=500-gramos-de-te-negro-de-ceilan-suelto-ceylon-tea\" \/>\n<meta property=\"og:locale\" content=\"en_US\" \/>\n<meta property=\"og:type\" content=\"article\" \/>\n<meta property=\"og:title\" content=\"Ahmad Ceylon black tea clasic original 500 gramos de t\u00e9 negro de Ceil\u00e1n suelto - Nikomand Iranian Shop, tienda iran\u00ed, supermercado y alimentos persa en Barcelona\" \/>\n<meta property=\"og:description\" content=\"tea-tee-iranian-te-shop-persa-barcelona ahmad-te 500 gramos de t\u00e9 negro de Ceil\u00e1n suelto ceylon tea\" \/>\n<meta property=\"og:url\" content=\"https:\/\/nikomand.com\/?product=500-gramos-de-te-negro-de-ceilan-suelto-ceylon-tea\" \/>\n<meta property=\"og:site_name\" content=\"Nikomand Iranian Shop, tienda iran\u00ed, supermercado y alimentos persa en Barcelona\" \/>\n<meta property=\"article:modified_time\" content=\"2026-01-03T16:48:12+00:00\" \/>\n<meta property=\"og:image\" content=\"https:\/\/nikomand.com\/wp-content\/uploads\/2024\/06\/500-gramos-de-te-negro-de-Ceilan-suelto-ceylon-natural.jpg\" \/>\n\t<meta property=\"og:image:width\" content=\"347\" \/>\n\t<meta property=\"og:image:height\" content=\"525\" \/>\n\t<meta property=\"og:image:type\" content=\"image\/jpeg\" \/>\n<meta name=\"twitter:card\" content=\"summary_large_image\" \/>\n<meta name=\"twitter:label1\" content=\"Est. reading time\" \/>\n\t<meta name=\"twitter:data1\" content=\"1 minute\" \/>\n<script type=\"application\/ld+json\" class=\"yoast-schema-graph\">{\"@context\":\"https:\\\/\\\/schema.org\",\"@graph\":[{\"@type\":\"WebPage\",\"@id\":\"https:\\\/\\\/nikomand.com\\\/?product=500-gramos-de-te-negro-de-ceilan-suelto-ceylon-tea\",\"url\":\"https:\\\/\\\/nikomand.com\\\/?product=500-gramos-de-te-negro-de-ceilan-suelto-ceylon-tea\",\"name\":\"Ahmad Ceylon black tea clasic original 500 gramos de t\u00e9 negro de Ceil\u00e1n suelto - Nikomand Iranian Shop, tienda iran\u00ed, supermercado y alimentos persa en Barcelona\",\"isPartOf\":{\"@id\":\"https:\\\/\\\/nikomand.com\\\/#website\"},\"primaryImageOfPage\":{\"@id\":\"https:\\\/\\\/nikomand.com\\\/?product=500-gramos-de-te-negro-de-ceilan-suelto-ceylon-tea#primaryimage\"},\"image\":{\"@id\":\"https:\\\/\\\/nikomand.com\\\/?product=500-gramos-de-te-negro-de-ceilan-suelto-ceylon-tea#primaryimage\"},\"thumbnailUrl\":\"https:\\\/\\\/nikomand.com\\\/wp-content\\\/uploads\\\/2024\\\/06\\\/500-gramos-de-te-negro-de-Ceilan-suelto-ceylon-natural.jpg\",\"datePublished\":\"2024-06-01T12:59:07+00:00\",\"dateModified\":\"2026-01-03T16:48:12+00:00\",\"description\":\"tea-tee-iranian-te-shop-persa-barcelona ahmad-te 500 gramos de t\u00e9 negro de Ceil\u00e1n suelto ceylon tea\",\"breadcrumb\":{\"@id\":\"https:\\\/\\\/nikomand.com\\\/?product=500-gramos-de-te-negro-de-ceilan-suelto-ceylon-tea#breadcrumb\"},\"inLanguage\":\"en-US\",\"potentialAction\":[{\"@type\":\"ReadAction\",\"target\":[\"https:\\\/\\\/nikomand.com\\\/?product=500-gramos-de-te-negro-de-ceilan-suelto-ceylon-tea\"]}]},{\"@type\":\"ImageObject\",\"inLanguage\":\"en-US\",\"@id\":\"https:\\\/\\\/nikomand.com\\\/?product=500-gramos-de-te-negro-de-ceilan-suelto-ceylon-tea#primaryimage\",\"url\":\"https:\\\/\\\/nikomand.com\\\/wp-content\\\/uploads\\\/2024\\\/06\\\/500-gramos-de-te-negro-de-Ceilan-suelto-ceylon-natural.jpg\",\"contentUrl\":\"https:\\\/\\\/nikomand.com\\\/wp-content\\\/uploads\\\/2024\\\/06\\\/500-gramos-de-te-negro-de-Ceilan-suelto-ceylon-natural.jpg\",\"width\":347,\"height\":525,\"caption\":\"500 gramos de t\u00e9 negro de Ceil\u00e1n suelto ceylon tea\"},{\"@type\":\"BreadcrumbList\",\"@id\":\"https:\\\/\\\/nikomand.com\\\/?product=500-gramos-de-te-negro-de-ceilan-suelto-ceylon-tea#breadcrumb\",\"itemListElement\":[{\"@type\":\"ListItem\",\"position\":1,\"name\":\"Home\",\"item\":\"https:\\\/\\\/nikomand.com\\\/\"},{\"@type\":\"ListItem\",\"position\":2,\"name\":\"Shop\",\"item\":\"https:\\\/\\\/nikomand.com\\\/\"},{\"@type\":\"ListItem\",\"position\":3,\"name\":\"Ahmad Ceylon black tea clasic original 500 gramos de t\u00e9 negro de Ceil\u00e1n suelto\"}]},{\"@type\":\"WebSite\",\"@id\":\"https:\\\/\\\/nikomand.com\\\/#website\",\"url\":\"https:\\\/\\\/nikomand.com\\\/\",\"name\":\"Nikomand Iranian Shop, tienda iran\u00ed, supermercado y alimentos persa en Barcelona\",\"description\":\"Iranian Shop in Barcelona, tienda irani, Supermarket persian store, safran, rice, tea tienda de productos persa como arroz, t\u00e9, frutos secos, snacks, azafr\u00e1n, comidas en Barcelona, \u200b\u200bEspa\u00f1a\",\"publisher\":{\"@id\":\"https:\\\/\\\/nikomand.com\\\/#organization\"},\"potentialAction\":[{\"@type\":\"SearchAction\",\"target\":{\"@type\":\"EntryPoint\",\"urlTemplate\":\"https:\\\/\\\/nikomand.com\\\/?s={search_term_string}\"},\"query-input\":{\"@type\":\"PropertyValueSpecification\",\"valueRequired\":true,\"valueName\":\"search_term_string\"}}],\"inLanguage\":\"en-US\"},{\"@type\":\"Organization\",\"@id\":\"https:\\\/\\\/nikomand.com\\\/#organization\",\"name\":\"Nikomand Iranian Shop, tienda iran\u00ed, supermercado y alimentos persa en Barcelona\",\"url\":\"https:\\\/\\\/nikomand.com\\\/\",\"logo\":{\"@type\":\"ImageObject\",\"inLanguage\":\"en-US\",\"@id\":\"https:\\\/\\\/nikomand.com\\\/#\\\/schema\\\/logo\\\/image\\\/\",\"url\":\"https:\\\/\\\/nikomand.com\\\/wp-content\\\/uploads\\\/2025\\\/01\\\/Logo-Etiket-Nikomand.jpg\",\"contentUrl\":\"https:\\\/\\\/nikomand.com\\\/wp-content\\\/uploads\\\/2025\\\/01\\\/Logo-Etiket-Nikomand.jpg\",\"width\":512,\"height\":512,\"caption\":\"Nikomand Iranian Shop, tienda iran\u00ed, supermercado y alimentos persa en Barcelona\"},\"image\":{\"@id\":\"https:\\\/\\\/nikomand.com\\\/#\\\/schema\\\/logo\\\/image\\\/\"}}]}<\/script>\n<!-- \/ Yoast SEO plugin. -->","yoast_head_json":{"title":"Ahmad Ceylon black tea clasic original 500 gramos de t\u00e9 negro de Ceil\u00e1n suelto - Nikomand Iranian Shop, tienda iran\u00ed, supermercado y alimentos persa en Barcelona","description":"tea-tee-iranian-te-shop-persa-barcelona ahmad-te 500 gramos de t\u00e9 negro de Ceil\u00e1n suelto ceylon tea","robots":{"index":"index","follow":"follow","max-snippet":"max-snippet:-1","max-image-preview":"max-image-preview:large","max-video-preview":"max-video-preview:-1"},"canonical":"https:\/\/nikomand.com\/?product=500-gramos-de-te-negro-de-ceilan-suelto-ceylon-tea","og_locale":"en_US","og_type":"article","og_title":"Ahmad Ceylon black tea clasic original 500 gramos de t\u00e9 negro de Ceil\u00e1n suelto - Nikomand Iranian Shop, tienda iran\u00ed, supermercado y alimentos persa en Barcelona","og_description":"tea-tee-iranian-te-shop-persa-barcelona ahmad-te 500 gramos de t\u00e9 negro de Ceil\u00e1n suelto ceylon tea","og_url":"https:\/\/nikomand.com\/?product=500-gramos-de-te-negro-de-ceilan-suelto-ceylon-tea","og_site_name":"Nikomand Iranian Shop, tienda iran\u00ed, supermercado y alimentos persa en Barcelona","article_modified_time":"2026-01-03T16:48:12+00:00","og_image":[{"width":347,"height":525,"url":"https:\/\/nikomand.com\/wp-content\/uploads\/2024\/06\/500-gramos-de-te-negro-de-Ceilan-suelto-ceylon-natural.jpg","type":"image\/jpeg"}],"twitter_card":"summary_large_image","twitter_misc":{"Est. reading time":"1 minute"},"schema":{"@context":"https:\/\/schema.org","@graph":[{"@type":"WebPage","@id":"https:\/\/nikomand.com\/?product=500-gramos-de-te-negro-de-ceilan-suelto-ceylon-tea","url":"https:\/\/nikomand.com\/?product=500-gramos-de-te-negro-de-ceilan-suelto-ceylon-tea","name":"Ahmad Ceylon black tea clasic original 500 gramos de t\u00e9 negro de Ceil\u00e1n suelto - Nikomand Iranian Shop, tienda iran\u00ed, supermercado y alimentos persa en Barcelona","isPartOf":{"@id":"https:\/\/nikomand.com\/#website"},"primaryImageOfPage":{"@id":"https:\/\/nikomand.com\/?product=500-gramos-de-te-negro-de-ceilan-suelto-ceylon-tea#primaryimage"},"image":{"@id":"https:\/\/nikomand.com\/?product=500-gramos-de-te-negro-de-ceilan-suelto-ceylon-tea#primaryimage"},"thumbnailUrl":"https:\/\/nikomand.com\/wp-content\/uploads\/2024\/06\/500-gramos-de-te-negro-de-Ceilan-suelto-ceylon-natural.jpg","datePublished":"2024-06-01T12:59:07+00:00","dateModified":"2026-01-03T16:48:12+00:00","description":"tea-tee-iranian-te-shop-persa-barcelona ahmad-te 500 gramos de t\u00e9 negro de Ceil\u00e1n suelto ceylon tea","breadcrumb":{"@id":"https:\/\/nikomand.com\/?product=500-gramos-de-te-negro-de-ceilan-suelto-ceylon-tea#breadcrumb"},"inLanguage":"en-US","potentialAction":[{"@type":"ReadAction","target":["https:\/\/nikomand.com\/?product=500-gramos-de-te-negro-de-ceilan-suelto-ceylon-tea"]}]},{"@type":"ImageObject","inLanguage":"en-US","@id":"https:\/\/nikomand.com\/?product=500-gramos-de-te-negro-de-ceilan-suelto-ceylon-tea#primaryimage","url":"https:\/\/nikomand.com\/wp-content\/uploads\/2024\/06\/500-gramos-de-te-negro-de-Ceilan-suelto-ceylon-natural.jpg","contentUrl":"https:\/\/nikomand.com\/wp-content\/uploads\/2024\/06\/500-gramos-de-te-negro-de-Ceilan-suelto-ceylon-natural.jpg","width":347,"height":525,"caption":"500 gramos de t\u00e9 negro de Ceil\u00e1n suelto ceylon tea"},{"@type":"BreadcrumbList","@id":"https:\/\/nikomand.com\/?product=500-gramos-de-te-negro-de-ceilan-suelto-ceylon-tea#breadcrumb","itemListElement":[{"@type":"ListItem","position":1,"name":"Home","item":"https:\/\/nikomand.com\/"},{"@type":"ListItem","position":2,"name":"Shop","item":"https:\/\/nikomand.com\/"},{"@type":"ListItem","position":3,"name":"Ahmad Ceylon black tea clasic original 500 gramos de t\u00e9 negro de Ceil\u00e1n suelto"}]},{"@type":"WebSite","@id":"https:\/\/nikomand.com\/#website","url":"https:\/\/nikomand.com\/","name":"Nikomand Iranian Shop, tienda iran\u00ed, supermercado y alimentos persa en Barcelona","description":"Iranian Shop in Barcelona, tienda irani, Supermarket persian store, safran, rice, tea tienda de productos persa como arroz, t\u00e9, frutos secos, snacks, azafr\u00e1n, comidas en Barcelona, \u200b\u200bEspa\u00f1a","publisher":{"@id":"https:\/\/nikomand.com\/#organization"},"potentialAction":[{"@type":"SearchAction","target":{"@type":"EntryPoint","urlTemplate":"https:\/\/nikomand.com\/?s={search_term_string}"},"query-input":{"@type":"PropertyValueSpecification","valueRequired":true,"valueName":"search_term_string"}}],"inLanguage":"en-US"},{"@type":"Organization","@id":"https:\/\/nikomand.com\/#organization","name":"Nikomand Iranian Shop, tienda iran\u00ed, supermercado y alimentos persa en Barcelona","url":"https:\/\/nikomand.com\/","logo":{"@type":"ImageObject","inLanguage":"en-US","@id":"https:\/\/nikomand.com\/#\/schema\/logo\/image\/","url":"https:\/\/nikomand.com\/wp-content\/uploads\/2025\/01\/Logo-Etiket-Nikomand.jpg","contentUrl":"https:\/\/nikomand.com\/wp-content\/uploads\/2025\/01\/Logo-Etiket-Nikomand.jpg","width":512,"height":512,"caption":"Nikomand Iranian Shop, tienda iran\u00ed, supermercado y alimentos persa en Barcelona"},"image":{"@id":"https:\/\/nikomand.com\/#\/schema\/logo\/image\/"}}]}},"_links":{"self":[{"href":"https:\/\/nikomand.com\/index.php?rest_route=\/wp\/v2\/product\/966","targetHints":{"allow":["GET"]}}],"collection":[{"href":"https:\/\/nikomand.com\/index.php?rest_route=\/wp\/v2\/product"}],"about":[{"href":"https:\/\/nikomand.com\/index.php?rest_route=\/wp\/v2\/types\/product"}],"wp:featuredmedia":[{"embeddable":true,"href":"https:\/\/nikomand.com\/index.php?rest_route=\/wp\/v2\/media\/1858"}],"wp:attachment":[{"href":"https:\/\/nikomand.com\/index.php?rest_route=%2Fwp%2Fv2%2Fmedia&parent=966"}],"wp:term":[{"taxonomy":"product_brand","embeddable":true,"href":"https:\/\/nikomand.com\/index.php?rest_route=%2Fwp%2Fv2%2Fproduct_brand&post=966"},{"taxonomy":"product_cat","embeddable":true,"href":"https:\/\/nikomand.com\/index.php?rest_route=%2Fwp%2Fv2%2Fproduct_cat&post=966"},{"taxonomy":"product_tag","embeddable":true,"href":"https:\/\/nikomand.com\/index.php?rest_route=%2Fwp%2Fv2%2Fproduct_tag&post=966"}],"curies":[{"name":"wp","href":"https:\/\/api.w.org\/{rel}","templated":true}]}}