{"id":27,"date":"2023-12-01T18:36:35","date_gmt":"2023-12-01T18:36:35","guid":{"rendered":"https:\/\/nikomarket.com\/?post_type=product&#038;p=27"},"modified":"2025-06-16T09:09:21","modified_gmt":"2025-06-16T09:09:21","slug":"nusse-mix","status":"publish","type":"product","link":"https:\/\/nikomand.com\/?product=nusse-mix","title":{"rendered":"N\u00fcsse Mix Coctel 400gr"},"content":{"rendered":"<div class=\"product--description\">\n<p>Ger\u00f6stet und Gesalzene <strong>Nussmix<\/strong> super knackig und sehr Energiereich und Gesund.<\/p>\n<p><strong>Nussmix<\/strong>: Mandeln, Cashew, Pistazien<\/p>\n<p>Obwohl jede vorsorgliche Messung vorgenommen wurde, kann dieses Produkt Supren von anderen N\u00fcssen und Soja enthalten.<\/p>\n<\/div>\n<div class=\"product--props notopbotpad\">\n<p><strong>Mindesthaltbarkeit: : <\/strong> Mindestens 2 Monate<\/p>\n<\/div>\n<div class=\"product--props notopbotpad\">\n<p><strong>Zutaten: <\/strong> Mandeln, Cashew, Pistazien, Salz, Weizenmehl, modifizierte Malsst\u00e4rke, Zitronens\u00e4ure, Grillaromen, Cheddark\u00e4se bestehend aus Molkenpulver, Weizenmehl, Salz, Hefe, Molkenpulver, Maltodextrin, Paprika, Geschmacksverst\u00e4rker: Natriumglutamat, Dinatriumguanylat, Dinatriuminosinat, Milchpulver, Emulgator: Gummiarabikum,Rieselhilfe, Siliciumdioxid, Calciumphosphat, nat\u00fcrliche Lebensmittelfarbe: Paprikaextrakt, Karamell, S\u00e4ureregulato<\/p>\n<\/div>\n<div class=\"product--props notopbotpad\">\n<p><strong>Aufbewahrung: <\/strong> K\u00fchl &amp; Trocken aufbewahren, vor w\u00e4rme Sch\u00fctzen.<\/p>\n<\/div>\n","protected":false},"excerpt":{"rendered":"<div class=\"product--price price--unit\"><span class=\"price--label label--purchase-unit\"> Inhalt: <\/span> 0.45 Kilogramm <span class=\"is--nowrap\"> (<span class=\"price_and_currency\">22,00\u00a0\u20ac <\/span> \/ <span class=\"price_unit_relation\">1 Kilogramm<\/span>) <\/span><\/div>\n<div class=\"product--delivery notopbotpad\">\n<p><strong>Artikel-Nr.:<\/strong> 222041<\/p>\n<\/div>\n<div class=\"product--delivery\">\n<p class=\"delivery--information\"><span class=\"delivery--text delivery--text-available\"> Lieferzeit: ca. 1-5 Werktage <\/span><\/p>\n<\/div>\n","protected":false},"featured_media":63,"template":"","meta":[],"product_brand":[],"product_cat":[23],"product_tag":[],"class_list":{"0":"post-27","1":"product","2":"type-product","3":"status-publish","4":"has-post-thumbnail","6":"product_cat-23","8":"entry","9":"has-media","11":"first","12":"outofstock","13":"shipping-taxable","14":"purchasable","15":"product-type-simple","16":"has-product-nav","17":"col","18":"span_1_of_3","19":"owp-content-center","20":"owp-thumbs-layout-horizontal","21":"owp-btn-normal","22":"owp-tabs-layout-horizontal"},"yoast_head":"<!-- This site is optimized with the Yoast SEO plugin v27.3 - https:\/\/yoast.com\/product\/yoast-seo-wordpress\/ -->\n<title>N\u00fcsse Mix Coctel 400gr - Nikomand Iranian Shop, tienda iran\u00ed, supermercado y alimentos persa en Barcelona<\/title>\n<meta name=\"robots\" content=\"index, follow, max-snippet:-1, max-image-preview:large, max-video-preview:-1\" \/>\n<link rel=\"canonical\" href=\"https:\/\/nikomand.com\/?product=nusse-mix\" \/>\n<meta property=\"og:locale\" content=\"en_US\" \/>\n<meta property=\"og:type\" content=\"article\" \/>\n<meta property=\"og:title\" content=\"N\u00fcsse Mix Coctel 400gr - Nikomand Iranian Shop, tienda iran\u00ed, supermercado y alimentos persa en Barcelona\" \/>\n<meta property=\"og:description\" content=\"Inhalt: 0.45 Kilogramm (22,00\u00a0\u20ac \/ 1 Kilogramm)    Artikel-Nr.: 222041     Lieferzeit: ca. 1-5 Werktage\" \/>\n<meta property=\"og:url\" content=\"https:\/\/nikomand.com\/?product=nusse-mix\" \/>\n<meta property=\"og:site_name\" content=\"Nikomand Iranian Shop, tienda iran\u00ed, supermercado y alimentos persa en Barcelona\" \/>\n<meta property=\"article:modified_time\" content=\"2025-06-16T09:09:21+00:00\" \/>\n<meta property=\"og:image\" content=\"https:\/\/nikomand.com\/wp-content\/uploads\/2023\/12\/Adjil-Bozorg.jpg\" \/>\n\t<meta property=\"og:image:width\" content=\"640\" \/>\n\t<meta property=\"og:image:height\" content=\"480\" \/>\n\t<meta property=\"og:image:type\" content=\"image\/jpeg\" \/>\n<meta name=\"twitter:card\" content=\"summary_large_image\" \/>\n<script type=\"application\/ld+json\" class=\"yoast-schema-graph\">{\"@context\":\"https:\\\/\\\/schema.org\",\"@graph\":[{\"@type\":\"WebPage\",\"@id\":\"https:\\\/\\\/nikomand.com\\\/?product=nusse-mix\",\"url\":\"https:\\\/\\\/nikomand.com\\\/?product=nusse-mix\",\"name\":\"N\u00fcsse Mix Coctel 400gr - Nikomand Iranian Shop, tienda iran\u00ed, supermercado y alimentos persa en Barcelona\",\"isPartOf\":{\"@id\":\"https:\\\/\\\/nikomand.com\\\/#website\"},\"primaryImageOfPage\":{\"@id\":\"https:\\\/\\\/nikomand.com\\\/?product=nusse-mix#primaryimage\"},\"image\":{\"@id\":\"https:\\\/\\\/nikomand.com\\\/?product=nusse-mix#primaryimage\"},\"thumbnailUrl\":\"https:\\\/\\\/nikomand.com\\\/wp-content\\\/uploads\\\/2023\\\/12\\\/Adjil-Bozorg.jpg\",\"datePublished\":\"2023-12-01T18:36:35+00:00\",\"dateModified\":\"2025-06-16T09:09:21+00:00\",\"breadcrumb\":{\"@id\":\"https:\\\/\\\/nikomand.com\\\/?product=nusse-mix#breadcrumb\"},\"inLanguage\":\"en-US\",\"potentialAction\":[{\"@type\":\"ReadAction\",\"target\":[\"https:\\\/\\\/nikomand.com\\\/?product=nusse-mix\"]}]},{\"@type\":\"ImageObject\",\"inLanguage\":\"en-US\",\"@id\":\"https:\\\/\\\/nikomand.com\\\/?product=nusse-mix#primaryimage\",\"url\":\"https:\\\/\\\/nikomand.com\\\/wp-content\\\/uploads\\\/2023\\\/12\\\/Adjil-Bozorg.jpg\",\"contentUrl\":\"https:\\\/\\\/nikomand.com\\\/wp-content\\\/uploads\\\/2023\\\/12\\\/Adjil-Bozorg.jpg\",\"width\":640,\"height\":480},{\"@type\":\"BreadcrumbList\",\"@id\":\"https:\\\/\\\/nikomand.com\\\/?product=nusse-mix#breadcrumb\",\"itemListElement\":[{\"@type\":\"ListItem\",\"position\":1,\"name\":\"Home\",\"item\":\"https:\\\/\\\/nikomand.com\\\/\"},{\"@type\":\"ListItem\",\"position\":2,\"name\":\"Shop\",\"item\":\"https:\\\/\\\/nikomand.com\\\/\"},{\"@type\":\"ListItem\",\"position\":3,\"name\":\"N\u00fcsse Mix Coctel 400gr\"}]},{\"@type\":\"WebSite\",\"@id\":\"https:\\\/\\\/nikomand.com\\\/#website\",\"url\":\"https:\\\/\\\/nikomand.com\\\/\",\"name\":\"Nikomand Iranian Shop, tienda iran\u00ed, supermercado y alimentos persa en Barcelona\",\"description\":\"Iranian Shop in Barcelona, tienda irani, Supermarket persian store, safran, rice, tea tienda de productos persa como arroz, t\u00e9, frutos secos, snacks, azafr\u00e1n, comidas en Barcelona, \u200b\u200bEspa\u00f1a\",\"publisher\":{\"@id\":\"https:\\\/\\\/nikomand.com\\\/#organization\"},\"potentialAction\":[{\"@type\":\"SearchAction\",\"target\":{\"@type\":\"EntryPoint\",\"urlTemplate\":\"https:\\\/\\\/nikomand.com\\\/?s={search_term_string}\"},\"query-input\":{\"@type\":\"PropertyValueSpecification\",\"valueRequired\":true,\"valueName\":\"search_term_string\"}}],\"inLanguage\":\"en-US\"},{\"@type\":\"Organization\",\"@id\":\"https:\\\/\\\/nikomand.com\\\/#organization\",\"name\":\"Nikomand Iranian Shop, tienda iran\u00ed, supermercado y alimentos persa en Barcelona\",\"url\":\"https:\\\/\\\/nikomand.com\\\/\",\"logo\":{\"@type\":\"ImageObject\",\"inLanguage\":\"en-US\",\"@id\":\"https:\\\/\\\/nikomand.com\\\/#\\\/schema\\\/logo\\\/image\\\/\",\"url\":\"https:\\\/\\\/nikomand.com\\\/wp-content\\\/uploads\\\/2025\\\/01\\\/Logo-Etiket-Nikomand.jpg\",\"contentUrl\":\"https:\\\/\\\/nikomand.com\\\/wp-content\\\/uploads\\\/2025\\\/01\\\/Logo-Etiket-Nikomand.jpg\",\"width\":512,\"height\":512,\"caption\":\"Nikomand Iranian Shop, tienda iran\u00ed, supermercado y alimentos persa en Barcelona\"},\"image\":{\"@id\":\"https:\\\/\\\/nikomand.com\\\/#\\\/schema\\\/logo\\\/image\\\/\"}}]}<\/script>\n<!-- \/ Yoast SEO plugin. -->","yoast_head_json":{"title":"N\u00fcsse Mix Coctel 400gr - Nikomand Iranian Shop, tienda iran\u00ed, supermercado y alimentos persa en Barcelona","robots":{"index":"index","follow":"follow","max-snippet":"max-snippet:-1","max-image-preview":"max-image-preview:large","max-video-preview":"max-video-preview:-1"},"canonical":"https:\/\/nikomand.com\/?product=nusse-mix","og_locale":"en_US","og_type":"article","og_title":"N\u00fcsse Mix Coctel 400gr - Nikomand Iranian Shop, tienda iran\u00ed, supermercado y alimentos persa en Barcelona","og_description":"Inhalt: 0.45 Kilogramm (22,00\u00a0\u20ac \/ 1 Kilogramm)    Artikel-Nr.: 222041     Lieferzeit: ca. 1-5 Werktage","og_url":"https:\/\/nikomand.com\/?product=nusse-mix","og_site_name":"Nikomand Iranian Shop, tienda iran\u00ed, supermercado y alimentos persa en Barcelona","article_modified_time":"2025-06-16T09:09:21+00:00","og_image":[{"width":640,"height":480,"url":"https:\/\/nikomand.com\/wp-content\/uploads\/2023\/12\/Adjil-Bozorg.jpg","type":"image\/jpeg"}],"twitter_card":"summary_large_image","schema":{"@context":"https:\/\/schema.org","@graph":[{"@type":"WebPage","@id":"https:\/\/nikomand.com\/?product=nusse-mix","url":"https:\/\/nikomand.com\/?product=nusse-mix","name":"N\u00fcsse Mix Coctel 400gr - Nikomand Iranian Shop, tienda iran\u00ed, supermercado y alimentos persa en Barcelona","isPartOf":{"@id":"https:\/\/nikomand.com\/#website"},"primaryImageOfPage":{"@id":"https:\/\/nikomand.com\/?product=nusse-mix#primaryimage"},"image":{"@id":"https:\/\/nikomand.com\/?product=nusse-mix#primaryimage"},"thumbnailUrl":"https:\/\/nikomand.com\/wp-content\/uploads\/2023\/12\/Adjil-Bozorg.jpg","datePublished":"2023-12-01T18:36:35+00:00","dateModified":"2025-06-16T09:09:21+00:00","breadcrumb":{"@id":"https:\/\/nikomand.com\/?product=nusse-mix#breadcrumb"},"inLanguage":"en-US","potentialAction":[{"@type":"ReadAction","target":["https:\/\/nikomand.com\/?product=nusse-mix"]}]},{"@type":"ImageObject","inLanguage":"en-US","@id":"https:\/\/nikomand.com\/?product=nusse-mix#primaryimage","url":"https:\/\/nikomand.com\/wp-content\/uploads\/2023\/12\/Adjil-Bozorg.jpg","contentUrl":"https:\/\/nikomand.com\/wp-content\/uploads\/2023\/12\/Adjil-Bozorg.jpg","width":640,"height":480},{"@type":"BreadcrumbList","@id":"https:\/\/nikomand.com\/?product=nusse-mix#breadcrumb","itemListElement":[{"@type":"ListItem","position":1,"name":"Home","item":"https:\/\/nikomand.com\/"},{"@type":"ListItem","position":2,"name":"Shop","item":"https:\/\/nikomand.com\/"},{"@type":"ListItem","position":3,"name":"N\u00fcsse Mix Coctel 400gr"}]},{"@type":"WebSite","@id":"https:\/\/nikomand.com\/#website","url":"https:\/\/nikomand.com\/","name":"Nikomand Iranian Shop, tienda iran\u00ed, supermercado y alimentos persa en Barcelona","description":"Iranian Shop in Barcelona, tienda irani, Supermarket persian store, safran, rice, tea tienda de productos persa como arroz, t\u00e9, frutos secos, snacks, azafr\u00e1n, comidas en Barcelona, \u200b\u200bEspa\u00f1a","publisher":{"@id":"https:\/\/nikomand.com\/#organization"},"potentialAction":[{"@type":"SearchAction","target":{"@type":"EntryPoint","urlTemplate":"https:\/\/nikomand.com\/?s={search_term_string}"},"query-input":{"@type":"PropertyValueSpecification","valueRequired":true,"valueName":"search_term_string"}}],"inLanguage":"en-US"},{"@type":"Organization","@id":"https:\/\/nikomand.com\/#organization","name":"Nikomand Iranian Shop, tienda iran\u00ed, supermercado y alimentos persa en Barcelona","url":"https:\/\/nikomand.com\/","logo":{"@type":"ImageObject","inLanguage":"en-US","@id":"https:\/\/nikomand.com\/#\/schema\/logo\/image\/","url":"https:\/\/nikomand.com\/wp-content\/uploads\/2025\/01\/Logo-Etiket-Nikomand.jpg","contentUrl":"https:\/\/nikomand.com\/wp-content\/uploads\/2025\/01\/Logo-Etiket-Nikomand.jpg","width":512,"height":512,"caption":"Nikomand Iranian Shop, tienda iran\u00ed, supermercado y alimentos persa en Barcelona"},"image":{"@id":"https:\/\/nikomand.com\/#\/schema\/logo\/image\/"}}]}},"_links":{"self":[{"href":"https:\/\/nikomand.com\/index.php?rest_route=\/wp\/v2\/product\/27","targetHints":{"allow":["GET"]}}],"collection":[{"href":"https:\/\/nikomand.com\/index.php?rest_route=\/wp\/v2\/product"}],"about":[{"href":"https:\/\/nikomand.com\/index.php?rest_route=\/wp\/v2\/types\/product"}],"wp:featuredmedia":[{"embeddable":true,"href":"https:\/\/nikomand.com\/index.php?rest_route=\/wp\/v2\/media\/63"}],"wp:attachment":[{"href":"https:\/\/nikomand.com\/index.php?rest_route=%2Fwp%2Fv2%2Fmedia&parent=27"}],"wp:term":[{"taxonomy":"product_brand","embeddable":true,"href":"https:\/\/nikomand.com\/index.php?rest_route=%2Fwp%2Fv2%2Fproduct_brand&post=27"},{"taxonomy":"product_cat","embeddable":true,"href":"https:\/\/nikomand.com\/index.php?rest_route=%2Fwp%2Fv2%2Fproduct_cat&post=27"},{"taxonomy":"product_tag","embeddable":true,"href":"https:\/\/nikomand.com\/index.php?rest_route=%2Fwp%2Fv2%2Fproduct_tag&post=27"}],"curies":[{"name":"wp","href":"https:\/\/api.w.org\/{rel}","templated":true}]}}