{"id":1501,"date":"2025-03-27T17:58:48","date_gmt":"2025-03-27T17:58:48","guid":{"rendered":"https:\/\/nikomand.com\/?post_type=product&#038;p=1501"},"modified":"2025-11-22T10:58:27","modified_gmt":"2025-11-22T10:58:27","slug":"a-plus-datiles-iranies-dates-mazafati-khorma-barcelona","status":"publish","type":"product","link":"https:\/\/nikomand.com\/?product=a-plus-datiles-iranies-dates-mazafati-khorma-barcelona","title":{"rendered":"A Plus D\u00e1tiles iran\u00edes Dates Mazafati Khorma Barcelona"},"content":{"rendered":"<p>D\u00e1tiles Iran\u00ed (Khorma mazafati) cerca 600g<\/p>\n<p>El d\u00e1til es el fruto obtenido de la especie Phoenix dactylifera, llamada popularmente palmera datilera. Se carga con la energ\u00eda diaria necesaria y es rica en vitamina B, hierro y f\u00f3sforo y tiene una gran cantidad de potasio y vitamina A.<\/p>\n<p>Adem\u00e1s, d\u00e1tiles mazafati est\u00e1 repleto de fibra que es beneficiosa para aquellos que sufren de estre\u00f1imiento y exceso de \u00e1cido en el est\u00f3mago.<\/p>\n<p>Mazafati es uno de los mejores productos que se producen en regiones c\u00e1lidas y secas de Ir\u00e1n. Este tipo de fecha es aut\u00f3ctona de Bam en la provincia de Kerman.<\/p>\n<p>La variedad y alta calidad han hecho que varios tipos de materias primas producidas en Ir\u00e1n sean populares en el mundo y aumenten el valor de exportaci\u00f3n de esta palmera datilera de alta calidad.<\/p>\n<p>#Comprar datiles #Datilesiranies #datil #datil medjoul #datil masafati #datil mazafati # datil irani #datil en rama barcelona #iranian_shop_barcelona #datiles_iranies_medjoul_mazafati #Supermercado_asi\u00e1tico_irani_barcelona<\/p>\n<p>Beneficios: Los D\u00e1tiles son una delicia que se pueden tomar solos, o como complemento. Adem\u00e1s de su delicioso sabor y textura, son una fuente de Vitaminas A, C y E; minerales como Minerales: Potasio, magnesio, calcio, cobre, zinc, selenio, f\u00f3sforo, calcio, hierro y sodio; o una fuente saludable de carbohidratos (unos 100 gramos por porci\u00f3n).<\/p>\n<p>Condiciones de conservaci\u00f3n: Conservar en un lugar fresco, seco y protegido de la luz.<\/p>\n","protected":false},"excerpt":{"rendered":"<p>D\u00e1tiles Iran\u00ed (Khorma mazafati) cerca 600g El d\u00e1til es el fruto obtenido de la especie Phoenix dactylifera, llamada popularmente palmera datilera. Se carga con la energ\u00eda diaria necesaria y es rica en vitamina B, hierro y f\u00f3sforo y tiene una gran cantidad de potasio y vitamina A. Adem\u00e1s, d\u00e1tiles mazafati est\u00e1 repleto de fibra que [&hellip;]<\/p>\n","protected":false},"featured_media":1503,"template":"","meta":[],"product_brand":[],"product_cat":[67,23],"product_tag":[75],"class_list":{"0":"post-1501","1":"product","2":"type-product","3":"status-publish","4":"has-post-thumbnail","6":"product_cat-alimentacion","7":"product_cat-23","8":"product_tag-comprar-datiles-datilesiranies-datil-datil-medjoul-datil-masafati-datil-mazafati-datil-irani-datil-en-rama-barcelona-iranian_shop_barcelona_datiles_iranies_medjoul_mazafati","10":"entry","11":"has-media","13":"first","14":"instock","15":"shipping-taxable","16":"purchasable","17":"product-type-simple","18":"has-product-nav","19":"col","20":"span_1_of_3","21":"owp-content-center","22":"owp-thumbs-layout-horizontal","23":"owp-btn-normal","24":"owp-tabs-layout-horizontal","25":"has-no-thumbnails"},"yoast_head":"<!-- This site is optimized with the Yoast SEO plugin v27.4 - https:\/\/yoast.com\/product\/yoast-seo-wordpress\/ -->\n<title>A Plus D\u00e1tiles iran\u00edes Dates Mazafati Khorma Barcelona - Nikomand Iranian Shop, tienda iran\u00ed, supermercado y alimentos persa en Barcelona<\/title>\n<meta name=\"description\" content=\"D\u00e1tiles iran\u00edes Dates Mazafati Khorma en tienda iran\u00ed Nikomand en Barcelona, Comprar datiles Datilesiranies datil medjoul datil masafati datil mazafati datil irani datil en rama barcelona #iranian_shop_barcelona #datiles_iranies_medjoul_mazafati #Supermercado_asi\u00e1tico_irani_barcelona\" \/>\n<meta name=\"robots\" content=\"index, follow, max-snippet:-1, max-image-preview:large, max-video-preview:-1\" \/>\n<link rel=\"canonical\" href=\"https:\/\/nikomand.com\/?product=a-plus-datiles-iranies-dates-mazafati-khorma-barcelona\" \/>\n<meta property=\"og:locale\" content=\"en_US\" \/>\n<meta property=\"og:type\" content=\"article\" \/>\n<meta property=\"og:title\" content=\"A Plus D\u00e1tiles iran\u00edes Dates Mazafati Khorma Barcelona - Nikomand Iranian Shop, tienda iran\u00ed, supermercado y alimentos persa en Barcelona\" \/>\n<meta property=\"og:description\" content=\"D\u00e1tiles iran\u00edes Dates Mazafati Khorma en tienda iran\u00ed Nikomand en Barcelona, Comprar datiles Datilesiranies datil medjoul datil masafati datil mazafati datil irani datil en rama barcelona #iranian_shop_barcelona #datiles_iranies_medjoul_mazafati #Supermercado_asi\u00e1tico_irani_barcelona\" \/>\n<meta property=\"og:url\" content=\"https:\/\/nikomand.com\/?product=a-plus-datiles-iranies-dates-mazafati-khorma-barcelona\" \/>\n<meta property=\"og:site_name\" content=\"Nikomand Iranian Shop, tienda iran\u00ed, supermercado y alimentos persa en Barcelona\" \/>\n<meta property=\"article:modified_time\" content=\"2025-11-22T10:58:27+00:00\" \/>\n<meta property=\"og:image\" content=\"https:\/\/nikomand.com\/wp-content\/uploads\/2025\/03\/photo_2024-11-08_15-47-13-1.jpg\" \/>\n\t<meta property=\"og:image:width\" content=\"1002\" \/>\n\t<meta property=\"og:image:height\" content=\"1280\" \/>\n\t<meta property=\"og:image:type\" content=\"image\/jpeg\" \/>\n<meta name=\"twitter:card\" content=\"summary_large_image\" \/>\n<meta name=\"twitter:label1\" content=\"Est. reading time\" \/>\n\t<meta name=\"twitter:data1\" content=\"2 minutes\" \/>\n<script type=\"application\/ld+json\" class=\"yoast-schema-graph\">{\"@context\":\"https:\\\/\\\/schema.org\",\"@graph\":[{\"@type\":\"WebPage\",\"@id\":\"https:\\\/\\\/nikomand.com\\\/?product=a-plus-datiles-iranies-dates-mazafati-khorma-barcelona\",\"url\":\"https:\\\/\\\/nikomand.com\\\/?product=a-plus-datiles-iranies-dates-mazafati-khorma-barcelona\",\"name\":\"A Plus D\u00e1tiles iran\u00edes Dates Mazafati Khorma Barcelona - Nikomand Iranian Shop, tienda iran\u00ed, supermercado y alimentos persa en Barcelona\",\"isPartOf\":{\"@id\":\"https:\\\/\\\/nikomand.com\\\/#website\"},\"primaryImageOfPage\":{\"@id\":\"https:\\\/\\\/nikomand.com\\\/?product=a-plus-datiles-iranies-dates-mazafati-khorma-barcelona#primaryimage\"},\"image\":{\"@id\":\"https:\\\/\\\/nikomand.com\\\/?product=a-plus-datiles-iranies-dates-mazafati-khorma-barcelona#primaryimage\"},\"thumbnailUrl\":\"https:\\\/\\\/nikomand.com\\\/wp-content\\\/uploads\\\/2025\\\/03\\\/photo_2024-11-08_15-47-13-1.jpg\",\"datePublished\":\"2025-03-27T17:58:48+00:00\",\"dateModified\":\"2025-11-22T10:58:27+00:00\",\"description\":\"D\u00e1tiles iran\u00edes Dates Mazafati Khorma en tienda iran\u00ed Nikomand en Barcelona, Comprar datiles Datilesiranies datil medjoul datil masafati datil mazafati datil irani datil en rama barcelona #iranian_shop_barcelona #datiles_iranies_medjoul_mazafati #Supermercado_asi\u00e1tico_irani_barcelona\",\"breadcrumb\":{\"@id\":\"https:\\\/\\\/nikomand.com\\\/?product=a-plus-datiles-iranies-dates-mazafati-khorma-barcelona#breadcrumb\"},\"inLanguage\":\"en-US\",\"potentialAction\":[{\"@type\":\"ReadAction\",\"target\":[\"https:\\\/\\\/nikomand.com\\\/?product=a-plus-datiles-iranies-dates-mazafati-khorma-barcelona\"]}]},{\"@type\":\"ImageObject\",\"inLanguage\":\"en-US\",\"@id\":\"https:\\\/\\\/nikomand.com\\\/?product=a-plus-datiles-iranies-dates-mazafati-khorma-barcelona#primaryimage\",\"url\":\"https:\\\/\\\/nikomand.com\\\/wp-content\\\/uploads\\\/2025\\\/03\\\/photo_2024-11-08_15-47-13-1.jpg\",\"contentUrl\":\"https:\\\/\\\/nikomand.com\\\/wp-content\\\/uploads\\\/2025\\\/03\\\/photo_2024-11-08_15-47-13-1.jpg\",\"width\":1002,\"height\":1280,\"caption\":\"Supermarket-iranian-barcelona-persa-shop-store-food-Datiles-Dates\"},{\"@type\":\"BreadcrumbList\",\"@id\":\"https:\\\/\\\/nikomand.com\\\/?product=a-plus-datiles-iranies-dates-mazafati-khorma-barcelona#breadcrumb\",\"itemListElement\":[{\"@type\":\"ListItem\",\"position\":1,\"name\":\"Home\",\"item\":\"https:\\\/\\\/nikomand.com\\\/\"},{\"@type\":\"ListItem\",\"position\":2,\"name\":\"Shop\",\"item\":\"https:\\\/\\\/nikomand.com\\\/\"},{\"@type\":\"ListItem\",\"position\":3,\"name\":\"A Plus D\u00e1tiles iran\u00edes Dates Mazafati Khorma Barcelona\"}]},{\"@type\":\"WebSite\",\"@id\":\"https:\\\/\\\/nikomand.com\\\/#website\",\"url\":\"https:\\\/\\\/nikomand.com\\\/\",\"name\":\"Nikomand Iranian Shop, tienda iran\u00ed, supermercado y alimentos persa en Barcelona\",\"description\":\"Iranian Shop in Barcelona, tienda irani, Supermarket persian store, safran, rice, tea tienda de productos persa como arroz, t\u00e9, frutos secos, snacks, azafr\u00e1n, comidas en Barcelona, \u200b\u200bEspa\u00f1a\",\"publisher\":{\"@id\":\"https:\\\/\\\/nikomand.com\\\/#organization\"},\"potentialAction\":[{\"@type\":\"SearchAction\",\"target\":{\"@type\":\"EntryPoint\",\"urlTemplate\":\"https:\\\/\\\/nikomand.com\\\/?s={search_term_string}\"},\"query-input\":{\"@type\":\"PropertyValueSpecification\",\"valueRequired\":true,\"valueName\":\"search_term_string\"}}],\"inLanguage\":\"en-US\"},{\"@type\":\"Organization\",\"@id\":\"https:\\\/\\\/nikomand.com\\\/#organization\",\"name\":\"Nikomand Iranian Shop, tienda iran\u00ed, supermercado y alimentos persa en Barcelona\",\"url\":\"https:\\\/\\\/nikomand.com\\\/\",\"logo\":{\"@type\":\"ImageObject\",\"inLanguage\":\"en-US\",\"@id\":\"https:\\\/\\\/nikomand.com\\\/#\\\/schema\\\/logo\\\/image\\\/\",\"url\":\"https:\\\/\\\/nikomand.com\\\/wp-content\\\/uploads\\\/2025\\\/01\\\/Logo-Etiket-Nikomand.jpg\",\"contentUrl\":\"https:\\\/\\\/nikomand.com\\\/wp-content\\\/uploads\\\/2025\\\/01\\\/Logo-Etiket-Nikomand.jpg\",\"width\":512,\"height\":512,\"caption\":\"Nikomand Iranian Shop, tienda iran\u00ed, supermercado y alimentos persa en Barcelona\"},\"image\":{\"@id\":\"https:\\\/\\\/nikomand.com\\\/#\\\/schema\\\/logo\\\/image\\\/\"}}]}<\/script>\n<!-- \/ Yoast SEO plugin. -->","yoast_head_json":{"title":"A Plus D\u00e1tiles iran\u00edes Dates Mazafati Khorma Barcelona - Nikomand Iranian Shop, tienda iran\u00ed, supermercado y alimentos persa en Barcelona","description":"D\u00e1tiles iran\u00edes Dates Mazafati Khorma en tienda iran\u00ed Nikomand en Barcelona, Comprar datiles Datilesiranies datil medjoul datil masafati datil mazafati datil irani datil en rama barcelona #iranian_shop_barcelona #datiles_iranies_medjoul_mazafati #Supermercado_asi\u00e1tico_irani_barcelona","robots":{"index":"index","follow":"follow","max-snippet":"max-snippet:-1","max-image-preview":"max-image-preview:large","max-video-preview":"max-video-preview:-1"},"canonical":"https:\/\/nikomand.com\/?product=a-plus-datiles-iranies-dates-mazafati-khorma-barcelona","og_locale":"en_US","og_type":"article","og_title":"A Plus D\u00e1tiles iran\u00edes Dates Mazafati Khorma Barcelona - Nikomand Iranian Shop, tienda iran\u00ed, supermercado y alimentos persa en Barcelona","og_description":"D\u00e1tiles iran\u00edes Dates Mazafati Khorma en tienda iran\u00ed Nikomand en Barcelona, Comprar datiles Datilesiranies datil medjoul datil masafati datil mazafati datil irani datil en rama barcelona #iranian_shop_barcelona #datiles_iranies_medjoul_mazafati #Supermercado_asi\u00e1tico_irani_barcelona","og_url":"https:\/\/nikomand.com\/?product=a-plus-datiles-iranies-dates-mazafati-khorma-barcelona","og_site_name":"Nikomand Iranian Shop, tienda iran\u00ed, supermercado y alimentos persa en Barcelona","article_modified_time":"2025-11-22T10:58:27+00:00","og_image":[{"width":1002,"height":1280,"url":"https:\/\/nikomand.com\/wp-content\/uploads\/2025\/03\/photo_2024-11-08_15-47-13-1.jpg","type":"image\/jpeg"}],"twitter_card":"summary_large_image","twitter_misc":{"Est. reading time":"2 minutes"},"schema":{"@context":"https:\/\/schema.org","@graph":[{"@type":"WebPage","@id":"https:\/\/nikomand.com\/?product=a-plus-datiles-iranies-dates-mazafati-khorma-barcelona","url":"https:\/\/nikomand.com\/?product=a-plus-datiles-iranies-dates-mazafati-khorma-barcelona","name":"A Plus D\u00e1tiles iran\u00edes Dates Mazafati Khorma Barcelona - Nikomand Iranian Shop, tienda iran\u00ed, supermercado y alimentos persa en Barcelona","isPartOf":{"@id":"https:\/\/nikomand.com\/#website"},"primaryImageOfPage":{"@id":"https:\/\/nikomand.com\/?product=a-plus-datiles-iranies-dates-mazafati-khorma-barcelona#primaryimage"},"image":{"@id":"https:\/\/nikomand.com\/?product=a-plus-datiles-iranies-dates-mazafati-khorma-barcelona#primaryimage"},"thumbnailUrl":"https:\/\/nikomand.com\/wp-content\/uploads\/2025\/03\/photo_2024-11-08_15-47-13-1.jpg","datePublished":"2025-03-27T17:58:48+00:00","dateModified":"2025-11-22T10:58:27+00:00","description":"D\u00e1tiles iran\u00edes Dates Mazafati Khorma en tienda iran\u00ed Nikomand en Barcelona, Comprar datiles Datilesiranies datil medjoul datil masafati datil mazafati datil irani datil en rama barcelona #iranian_shop_barcelona #datiles_iranies_medjoul_mazafati #Supermercado_asi\u00e1tico_irani_barcelona","breadcrumb":{"@id":"https:\/\/nikomand.com\/?product=a-plus-datiles-iranies-dates-mazafati-khorma-barcelona#breadcrumb"},"inLanguage":"en-US","potentialAction":[{"@type":"ReadAction","target":["https:\/\/nikomand.com\/?product=a-plus-datiles-iranies-dates-mazafati-khorma-barcelona"]}]},{"@type":"ImageObject","inLanguage":"en-US","@id":"https:\/\/nikomand.com\/?product=a-plus-datiles-iranies-dates-mazafati-khorma-barcelona#primaryimage","url":"https:\/\/nikomand.com\/wp-content\/uploads\/2025\/03\/photo_2024-11-08_15-47-13-1.jpg","contentUrl":"https:\/\/nikomand.com\/wp-content\/uploads\/2025\/03\/photo_2024-11-08_15-47-13-1.jpg","width":1002,"height":1280,"caption":"Supermarket-iranian-barcelona-persa-shop-store-food-Datiles-Dates"},{"@type":"BreadcrumbList","@id":"https:\/\/nikomand.com\/?product=a-plus-datiles-iranies-dates-mazafati-khorma-barcelona#breadcrumb","itemListElement":[{"@type":"ListItem","position":1,"name":"Home","item":"https:\/\/nikomand.com\/"},{"@type":"ListItem","position":2,"name":"Shop","item":"https:\/\/nikomand.com\/"},{"@type":"ListItem","position":3,"name":"A Plus D\u00e1tiles iran\u00edes Dates Mazafati Khorma Barcelona"}]},{"@type":"WebSite","@id":"https:\/\/nikomand.com\/#website","url":"https:\/\/nikomand.com\/","name":"Nikomand Iranian Shop, tienda iran\u00ed, supermercado y alimentos persa en Barcelona","description":"Iranian Shop in Barcelona, tienda irani, Supermarket persian store, safran, rice, tea tienda de productos persa como arroz, t\u00e9, frutos secos, snacks, azafr\u00e1n, comidas en Barcelona, \u200b\u200bEspa\u00f1a","publisher":{"@id":"https:\/\/nikomand.com\/#organization"},"potentialAction":[{"@type":"SearchAction","target":{"@type":"EntryPoint","urlTemplate":"https:\/\/nikomand.com\/?s={search_term_string}"},"query-input":{"@type":"PropertyValueSpecification","valueRequired":true,"valueName":"search_term_string"}}],"inLanguage":"en-US"},{"@type":"Organization","@id":"https:\/\/nikomand.com\/#organization","name":"Nikomand Iranian Shop, tienda iran\u00ed, supermercado y alimentos persa en Barcelona","url":"https:\/\/nikomand.com\/","logo":{"@type":"ImageObject","inLanguage":"en-US","@id":"https:\/\/nikomand.com\/#\/schema\/logo\/image\/","url":"https:\/\/nikomand.com\/wp-content\/uploads\/2025\/01\/Logo-Etiket-Nikomand.jpg","contentUrl":"https:\/\/nikomand.com\/wp-content\/uploads\/2025\/01\/Logo-Etiket-Nikomand.jpg","width":512,"height":512,"caption":"Nikomand Iranian Shop, tienda iran\u00ed, supermercado y alimentos persa en Barcelona"},"image":{"@id":"https:\/\/nikomand.com\/#\/schema\/logo\/image\/"}}]}},"_links":{"self":[{"href":"https:\/\/nikomand.com\/index.php?rest_route=\/wp\/v2\/product\/1501","targetHints":{"allow":["GET"]}}],"collection":[{"href":"https:\/\/nikomand.com\/index.php?rest_route=\/wp\/v2\/product"}],"about":[{"href":"https:\/\/nikomand.com\/index.php?rest_route=\/wp\/v2\/types\/product"}],"wp:featuredmedia":[{"embeddable":true,"href":"https:\/\/nikomand.com\/index.php?rest_route=\/wp\/v2\/media\/1503"}],"wp:attachment":[{"href":"https:\/\/nikomand.com\/index.php?rest_route=%2Fwp%2Fv2%2Fmedia&parent=1501"}],"wp:term":[{"taxonomy":"product_brand","embeddable":true,"href":"https:\/\/nikomand.com\/index.php?rest_route=%2Fwp%2Fv2%2Fproduct_brand&post=1501"},{"taxonomy":"product_cat","embeddable":true,"href":"https:\/\/nikomand.com\/index.php?rest_route=%2Fwp%2Fv2%2Fproduct_cat&post=1501"},{"taxonomy":"product_tag","embeddable":true,"href":"https:\/\/nikomand.com\/index.php?rest_route=%2Fwp%2Fv2%2Fproduct_tag&post=1501"}],"curies":[{"name":"wp","href":"https:\/\/api.w.org\/{rel}","templated":true}]}}